Last updated on 2024-08-16 09:49:10 CEST.
Flavor | Version | Tinstall | Tcheck | Ttotal | Status | Flags |
---|---|---|---|---|---|---|
r-devel-linux-x86_64-debian-clang | 2.51 | 294.20 | 342.36 | 636.56 | OK | |
r-devel-linux-x86_64-debian-gcc | 2.51 | 219.64 | 203.03 | 422.67 | OK | |
r-devel-linux-x86_64-fedora-clang | 2.51 | 1057.07 | NOTE | |||
r-devel-linux-x86_64-fedora-gcc | 2.51 | 1168.62 | OK | |||
r-devel-windows-x86_64 | 2.51 | 289.00 | 339.00 | 628.00 | NOTE | |
r-patched-linux-x86_64 | 2.51 | 303.69 | 313.11 | 616.80 | OK | |
r-release-linux-x86_64 | 2.51 | 307.66 | 315.07 | 622.73 | OK | |
r-release-macos-arm64 | 2.51 | 204.00 | NOTE | |||
r-release-macos-x86_64 | 2.51 | 268.00 | NOTE | |||
r-release-windows-x86_64 | 2.51 | 289.00 | 328.00 | 617.00 | NOTE | |
r-oldrel-macos-arm64 | 2.51 | 255.00 | NOTE | |||
r-oldrel-macos-x86_64 | 2.51 | 473.00 | NOTE | |||
r-oldrel-windows-x86_64 | 2.51 | 361.00 | 460.00 | 821.00 | NOTE |
Version: 2.51
Check: installed package size
Result: NOTE
installed size is 7.4Mb
sub-directories of 1Mb or more:
libs 6.9Mb
Flavors: r-devel-linux-x86_64-fedora-clang, r-devel-windows-x86_64, r-release-macos-arm64, r-release-macos-x86_64, r-release-windows-x86_64, r-oldrel-macos-arm64, r-oldrel-macos-x86_64, r-oldrel-windows-x86_64