Last updated on 2024-06-30 00:59:18 CEST.
Flavor | Version | Tinstall | Tcheck | Ttotal | Status | Flags |
---|---|---|---|---|---|---|
r-devel-linux-x86_64-debian-clang | 1.0.2 | 41.56 | 389.09 | 430.65 | OK | |
r-devel-linux-x86_64-debian-gcc | 1.0.2 | 31.15 | 272.38 | 303.53 | OK | |
r-devel-linux-x86_64-fedora-clang | 1.0.2 | 532.13 | NOTE | |||
r-devel-linux-x86_64-fedora-gcc | 1.0.2 | 529.81 | NOTE | |||
r-devel-windows-x86_64 | 1.0.2 | 32.00 | 220.00 | 252.00 | OK | |
r-patched-linux-x86_64 | 1.0.2 | 25.94 | 364.50 | 390.44 | OK | |
r-release-linux-x86_64 | 1.0.2 | 25.23 | 370.12 | 395.35 | OK | |
r-release-macos-arm64 | 1.0.2 | 130.00 | OK | |||
r-release-macos-x86_64 | 1.0.2 | 195.00 | OK | |||
r-release-windows-x86_64 | 1.0.2 | 31.00 | 226.00 | 257.00 | OK | |
r-oldrel-macos-arm64 | 1.0.2 | 145.00 | NOTE | |||
r-oldrel-macos-x86_64 | 1.0.2 | 223.00 | NOTE | |||
r-oldrel-windows-x86_64 | 1.0.2 | 44.00 | 307.00 | 351.00 | OK |
Version: 1.0.2
Check: package dependencies
Result: NOTE
Package suggested but not available for checking: ‘BiocCheck’
Flavors: r-devel-linux-x86_64-fedora-clang, r-devel-linux-x86_64-fedora-gcc, r-oldrel-macos-arm64, r-oldrel-macos-x86_64
Version: 1.0.2
Check: data for non-ASCII characters
Result: NOTE
Note: found 41 marked UTF-8 strings
Flavors: r-devel-linux-x86_64-fedora-clang, r-devel-linux-x86_64-fedora-gcc