Last updated on 2024-06-30 00:59:18 CEST.
Flavor | Version | Tinstall | Tcheck | Ttotal | Status | Flags |
---|---|---|---|---|---|---|
r-devel-linux-x86_64-debian-clang | 1.0.2 | 34.21 | 319.04 | 353.25 | OK | |
r-devel-linux-x86_64-debian-gcc | 1.0.2 | 31.00 | 234.88 | 265.88 | OK | |
r-devel-linux-x86_64-fedora-clang | 1.0.2 | 470.74 | WARN | |||
r-devel-linux-x86_64-fedora-gcc | 1.0.2 | 397.32 | OK | |||
r-devel-windows-x86_64 | 1.0.2 | 34.00 | 218.00 | 252.00 | OK | |
r-patched-linux-x86_64 | 1.0.2 | 24.38 | 294.67 | 319.05 | OK | |
r-release-linux-x86_64 | 1.0.2 | 23.89 | 304.77 | 328.66 | OK | |
r-release-macos-arm64 | 1.0.2 | 109.00 | OK | |||
r-release-macos-x86_64 | 1.0.2 | 168.00 | OK | |||
r-release-windows-x86_64 | 1.0.2 | 32.00 | 218.00 | 250.00 | OK | |
r-oldrel-macos-arm64 | 1.0.2 | 133.00 | OK | |||
r-oldrel-macos-x86_64 | 1.0.2 | 215.00 | OK | |||
r-oldrel-windows-x86_64 | 1.0.2 | 44.00 | 309.00 | 353.00 | OK |
Version: 1.0.2
Check: whether package can be installed
Result: WARN
Found the following significant warnings:
Note: possible error in 'tune(method = tnr("hyperband", ': unused argument (method = tnr("hyperband", eta = 3))
See ‘/data/gannet/ripley/R/packages/tests-clang/MantaID.Rcheck/00install.out’ for details.
Information on the location(s) of code generating the ‘Note’s can be
obtained by re-running with environment variable R_KEEP_PKG_SOURCE set
to ‘yes’.
Flavor: r-devel-linux-x86_64-fedora-clang
Version: 1.0.2
Check: R code for possible problems
Result: NOTE
mi_tune_rg: possible error in tune(method = tnr("hyperband", eta = 3),
task = task, learner = learner, resampling = resampling, measures =
measure, search_space = search_space): unused argument (method =
tnr("hyperband", eta = 3))
mi_tune_rp: possible error in tune(method = tnr("hyperband", eta = 3),
task = task, learner = learner, resampling = resampling, measures =
measure, search_space = search_space): unused argument (method =
tnr("hyperband", eta = 3))
mi_tune_xgb: possible error in tune(method = tnr("hyperband", eta = 3),
task = task, learner = learner, resampling = resampling, measures =
measure, search_space = search_space): unused argument (method =
tnr("hyperband", eta = 3))
Flavor: r-devel-linux-x86_64-fedora-clang