Last updated on 2024-06-30 00:59:18 CEST.
Flavor | Version | Tinstall | Tcheck | Ttotal | Status | Flags |
---|---|---|---|---|---|---|
r-devel-linux-x86_64-debian-clang | 0.4 | 14.89 | 185.43 | 200.32 | OK | |
r-devel-linux-x86_64-debian-gcc | 0.4 | 11.36 | 134.82 | 146.18 | OK | |
r-devel-linux-x86_64-fedora-clang | 0.4 | 250.64 | NOTE | |||
r-devel-linux-x86_64-fedora-gcc | 0.4 | 262.56 | NOTE | |||
r-devel-windows-x86_64 | 0.4 | 13.00 | 143.00 | 156.00 | OK | |
r-patched-linux-x86_64 | 0.4 | 16.89 | 181.22 | 198.11 | OK | |
r-release-linux-x86_64 | 0.4 | 14.17 | 179.34 | 193.51 | OK | |
r-release-macos-arm64 | 0.4 | 69.00 | OK | |||
r-release-macos-x86_64 | 0.4 | 109.00 | OK | |||
r-release-windows-x86_64 | 0.4 | 13.00 | 147.00 | 160.00 | OK | |
r-oldrel-macos-arm64 | 0.4 | 73.00 | OK | |||
r-oldrel-macos-x86_64 | 0.4 | 173.00 | OK | |||
r-oldrel-windows-x86_64 | 0.4 | 16.00 | 174.00 | 190.00 | OK |
Version: 0.4
Check: data for non-ASCII characters
Result: NOTE
Note: found 1496 marked UTF-8 strings
Flavors: r-devel-linux-x86_64-fedora-clang, r-devel-linux-x86_64-fedora-gcc