Last updated on 2024-06-30 00:59:19 CEST.
Flavor | Version | Tinstall | Tcheck | Ttotal | Status | Flags |
---|---|---|---|---|---|---|
r-devel-linux-x86_64-debian-clang | 0.8.15 | 4.46 | 39.88 | 44.34 | OK | |
r-devel-linux-x86_64-debian-gcc | 0.8.15 | 3.53 | 30.02 | 33.55 | OK | |
r-devel-linux-x86_64-fedora-clang | 0.8.15 | 55.80 | NOTE | |||
r-devel-linux-x86_64-fedora-gcc | 0.8.15 | 51.81 | OK | |||
r-devel-windows-x86_64 | 0.8.15 | 6.00 | 52.00 | 58.00 | OK | |
r-patched-linux-x86_64 | 0.8.15 | 4.90 | 37.00 | 41.90 | OK | |
r-release-linux-x86_64 | 0.8.15 | 3.07 | 38.42 | 41.49 | OK | |
r-release-macos-arm64 | 0.8.15 | 21.00 | OK | |||
r-release-macos-x86_64 | 0.8.15 | 35.00 | OK | |||
r-release-windows-x86_64 | 0.8.15 | 6.00 | 52.00 | 58.00 | OK | |
r-oldrel-macos-arm64 | 0.8.15 | 26.00 | OK | |||
r-oldrel-macos-x86_64 | 0.8.15 | 45.00 | OK | |||
r-oldrel-windows-x86_64 | 0.8.15 | 6.00 | 55.00 | 61.00 | OK |
Version: 0.8.15
Check: Rd cross-references
Result: NOTE
Undeclared package ‘tibble’ in Rd xrefs
Flavor: r-devel-linux-x86_64-fedora-clang