Last updated on 2024-06-30 00:59:19 CEST.
Flavor | Version | Tinstall | Tcheck | Ttotal | Status | Flags |
---|---|---|---|---|---|---|
r-devel-linux-x86_64-debian-clang | 0.4.7 | 17.27 | 152.77 | 170.04 | OK | |
r-devel-linux-x86_64-debian-gcc | 0.4.7 | 12.06 | 107.60 | 119.66 | OK | |
r-devel-linux-x86_64-fedora-clang | 0.4.7 | 208.28 | OK | |||
r-devel-linux-x86_64-fedora-gcc | 0.4.7 | 209.95 | OK | |||
r-devel-windows-x86_64 | 0.4.7 | 13.00 | 133.00 | 146.00 | OK | |
r-patched-linux-x86_64 | 0.4.7 | 21.22 | 143.61 | 164.83 | OK | |
r-release-linux-x86_64 | 0.4.7 | 0.87 | 2.15 | 3.02 | ERROR | |
r-release-macos-arm64 | 0.4.7 | 60.00 | OK | |||
r-release-macos-x86_64 | 0.4.7 | 103.00 | OK | |||
r-release-windows-x86_64 | 0.4.7 | 15.00 | 145.00 | 160.00 | OK | |
r-oldrel-macos-arm64 | 0.4.7 | 69.00 | OK | |||
r-oldrel-macos-x86_64 | 0.4.7 | 141.00 | OK | |||
r-oldrel-windows-x86_64 | 0.4.7 | 17.00 | 165.00 | 182.00 | OK |
Version: 0.4.7
Check: package dependencies
Result: ERROR
Package required but not available: ‘RMark’
See section ‘The DESCRIPTION file’ in the ‘Writing R Extensions’
manual.
Flavor: r-release-linux-x86_64