Last updated on 2024-06-30 00:59:19 CEST.
Flavor | Version | Tinstall | Tcheck | Ttotal | Status | Flags |
---|---|---|---|---|---|---|
r-devel-linux-x86_64-debian-clang | 0.6.3 | 23.80 | 36.28 | 60.08 | OK | |
r-devel-linux-x86_64-debian-gcc | 0.6.3 | 14.44 | 27.31 | 41.75 | OK | |
r-devel-linux-x86_64-fedora-clang | 0.6.3 | 79.36 | NOTE | |||
r-devel-linux-x86_64-fedora-gcc | 0.6.3 | 77.51 | NOTE | |||
r-devel-windows-x86_64 | 0.6.3 | 21.00 | 66.00 | 87.00 | OK | |
r-patched-linux-x86_64 | 0.6.3 | 19.94 | 35.16 | 55.10 | OK | |
r-release-linux-x86_64 | 0.6.3 | 17.87 | 35.27 | 53.14 | OK | |
r-release-macos-arm64 | 0.6.3 | 27.00 | OK | |||
r-release-macos-x86_64 | 0.6.3 | 36.00 | OK | |||
r-release-windows-x86_64 | 0.6.3 | 19.00 | 63.00 | 82.00 | OK | |
r-oldrel-macos-arm64 | 0.6.3 | 31.00 | OK | |||
r-oldrel-macos-x86_64 | 0.6.3 | 37.00 | OK | |||
r-oldrel-windows-x86_64 | 0.6.3 | 25.00 | 73.00 | 98.00 | OK |
Version: 0.6.3
Check: dependencies in R code
Result: NOTE
Namespaces in Imports field not imported from:
‘Matrix’ ‘capushe’ ‘shiny’
All declared Imports should be used.
Flavors: r-devel-linux-x86_64-fedora-clang, r-devel-linux-x86_64-fedora-gcc