Last updated on 2024-06-30 00:59:20 CEST.
Flavor | Version | Tinstall | Tcheck | Ttotal | Status | Flags |
---|---|---|---|---|---|---|
r-devel-linux-x86_64-debian-clang | 0.2.1 | 25.73 | 365.00 | 390.73 | OK | |
r-devel-linux-x86_64-debian-gcc | 0.2.1 | 21.54 | 273.01 | 294.55 | OK | |
r-devel-linux-x86_64-fedora-clang | 0.2.1 | 485.36 | NOTE | |||
r-devel-linux-x86_64-fedora-gcc | 0.2.1 | 469.79 | NOTE | |||
r-devel-windows-x86_64 | 0.2.1 | 24.00 | 249.00 | 273.00 | NOTE | |
r-patched-linux-x86_64 | 0.2.1 | 29.93 | 348.62 | 378.55 | OK | |
r-release-linux-x86_64 | 0.2.1 | 23.78 | 361.10 | 384.88 | OK | |
r-release-macos-arm64 | 0.2.1 | 144.00 | NOTE | |||
r-release-macos-x86_64 | 0.2.1 | 203.00 | NOTE | |||
r-release-windows-x86_64 | 0.2.1 | 24.00 | 260.00 | 284.00 | NOTE | |
r-oldrel-macos-arm64 | 0.2.1 | 143.00 | NOTE | |||
r-oldrel-macos-x86_64 | 0.2.1 | 258.00 | NOTE | |||
r-oldrel-windows-x86_64 | 0.2.1 | 31.00 | 337.00 | 368.00 | NOTE |
Version: 0.2.1
Check: installed package size
Result: NOTE
installed size is 5.2Mb
sub-directories of 1Mb or more:
doc 4.0Mb
Flavors: r-devel-linux-x86_64-fedora-clang, r-devel-windows-x86_64, r-release-macos-arm64, r-release-macos-x86_64, r-release-windows-x86_64, r-oldrel-macos-arm64, r-oldrel-macos-x86_64, r-oldrel-windows-x86_64
Version: 0.2.1
Check: data for non-ASCII characters
Result: NOTE
Note: found 24 marked UTF-8 strings
Flavors: r-devel-linux-x86_64-fedora-clang, r-devel-linux-x86_64-fedora-gcc