Last updated on 2024-06-30 00:59:20 CEST.
Flavor | Version | Tinstall | Tcheck | Ttotal | Status | Flags |
---|---|---|---|---|---|---|
r-devel-linux-x86_64-debian-clang | 1.0.1 | 13.08 | 139.88 | 152.96 | NOTE | |
r-devel-linux-x86_64-debian-gcc | 1.0.1 | 10.97 | 101.47 | 112.44 | NOTE | |
r-devel-linux-x86_64-fedora-clang | 1.0.1 | 187.29 | NOTE | |||
r-devel-linux-x86_64-fedora-gcc | 1.0.1 | 177.91 | NOTE | |||
r-devel-windows-x86_64 | 1.0.1 | 18.00 | 273.00 | 291.00 | NOTE | |
r-patched-linux-x86_64 | 1.0.1 | 28.40 | 130.35 | 158.75 | NOTE | |
r-release-linux-x86_64 | 1.0.1 | 13.31 | 133.89 | 147.20 | NOTE | |
r-release-macos-arm64 | 1.0.1 | 52.00 | NOTE | |||
r-release-macos-x86_64 | 1.0.1 | 96.00 | NOTE | |||
r-release-windows-x86_64 | 1.0.1 | 17.00 | 276.00 | 293.00 | NOTE | |
r-oldrel-macos-arm64 | 1.0.1 | 49.00 | NOTE | |||
r-oldrel-macos-x86_64 | 1.0.1 | 95.00 | NOTE | |||
r-oldrel-windows-x86_64 | 1.0.1 | 19.00 | 318.00 | 337.00 | NOTE |
Version: 1.0.1
Check: DESCRIPTION meta-information
Result: NOTE
Malformed Description field: should contain one or more complete sentences.
Flavors: r-devel-linux-x86_64-debian-clang, r-devel-linux-x86_64-debian-gcc, r-devel-linux-x86_64-fedora-clang, r-devel-linux-x86_64-fedora-gcc, r-devel-windows-x86_64, r-patched-linux-x86_64, r-release-linux-x86_64, r-release-macos-arm64, r-release-macos-x86_64, r-release-windows-x86_64, r-oldrel-macos-arm64, r-oldrel-macos-x86_64, r-oldrel-windows-x86_64
Version: 1.0.1
Check: data for non-ASCII characters
Result: NOTE
Note: found 170 marked UTF-8 strings
Flavors: r-devel-linux-x86_64-fedora-clang, r-devel-linux-x86_64-fedora-gcc