Last updated on 2024-06-16 11:58:02 CEST.
Flavor | Version | Tinstall | Tcheck | Ttotal | Status | Flags |
---|---|---|---|---|---|---|
r-devel-linux-x86_64-debian-clang | 3.1.1 | 98.05 | 157.35 | 255.40 | NOTE | |
r-devel-linux-x86_64-debian-gcc | 3.1.1 | 66.73 | 110.69 | 177.42 | NOTE | |
r-devel-linux-x86_64-fedora-clang | 3.1.1 | 331.03 | NOTE | |||
r-devel-linux-x86_64-fedora-gcc | 3.1.1 | 333.66 | NOTE | |||
r-devel-windows-x86_64 | 3.1.1 | 66.00 | 131.00 | 197.00 | NOTE | |
r-patched-linux-x86_64 | 3.1.1 | 95.78 | 152.36 | 248.14 | NOTE | |
r-release-linux-x86_64 | 3.1.1 | 88.15 | 151.77 | 239.92 | NOTE | |
r-release-macos-arm64 | 3.1.1 | 108.00 | NOTE | |||
r-release-macos-x86_64 | 3.1.1 | 130.00 | NOTE | |||
r-release-windows-x86_64 | 3.1.1 | 73.00 | 136.00 | 209.00 | NOTE | |
r-oldrel-macos-arm64 | 3.1.1 | 81.00 | NOTE | |||
r-oldrel-macos-x86_64 | 3.1.1 | 130.00 | NOTE | |||
r-oldrel-windows-x86_64 | 3.1.1 | 86.00 | 162.00 | 248.00 | NOTE |
Version: 3.1.1
Check: C++ specification
Result: NOTE
Specified C++11: please drop specification unless essential
Flavors: r-devel-linux-x86_64-debian-clang, r-devel-linux-x86_64-debian-gcc, r-devel-linux-x86_64-fedora-clang, r-devel-linux-x86_64-fedora-gcc, r-devel-windows-x86_64, r-patched-linux-x86_64, r-release-linux-x86_64, r-release-macos-arm64, r-release-macos-x86_64, r-release-windows-x86_64, r-oldrel-macos-arm64, r-oldrel-macos-x86_64, r-oldrel-windows-x86_64
Version: 3.1.1
Check: Rd files
Result: NOTE
checkRd: (-1) plot.regression.circular.Rd:35: Lost braces
35 | code{plot.type="circle"} and \code{x} is the output of \code{\link{kern.reg.circ.lin}}) or to \code{\link{lines3d}} (if \code{plot.type="circle"})
| ^
Flavors: r-devel-linux-x86_64-debian-clang, r-devel-linux-x86_64-debian-gcc, r-devel-linux-x86_64-fedora-clang, r-devel-linux-x86_64-fedora-gcc, r-devel-windows-x86_64, r-patched-linux-x86_64, r-release-linux-x86_64, r-release-macos-arm64, r-release-macos-x86_64, r-release-windows-x86_64