Last updated on 2024-06-30 00:59:20 CEST.
Flavor | Version | Tinstall | Tcheck | Ttotal | Status | Flags |
---|---|---|---|---|---|---|
r-devel-linux-x86_64-debian-clang | 1.0.5 | 42.44 | 364.96 | 407.40 | NOTE | |
r-devel-linux-x86_64-debian-gcc | 1.0.5 | 31.80 | 242.72 | 274.52 | NOTE | |
r-devel-linux-x86_64-fedora-clang | 1.0.5 | 476.61 | NOTE | |||
r-devel-linux-x86_64-fedora-gcc | 1.0.5 | 464.43 | NOTE | |||
r-devel-windows-x86_64 | 1.0.5 | 31.00 | 247.00 | 278.00 | NOTE | |
r-patched-linux-x86_64 | 1.0.5 | 45.56 | 323.05 | 368.61 | NOTE | |
r-release-linux-x86_64 | 1.0.5 | 34.06 | 330.38 | 364.44 | NOTE | |
r-release-macos-arm64 | 1.0.5 | 98.00 | NOTE | |||
r-release-macos-x86_64 | 1.0.5 | 223.00 | NOTE | |||
r-release-windows-x86_64 | 1.0.5 | 31.00 | 249.00 | 280.00 | NOTE | |
r-oldrel-macos-arm64 | 1.0.5 | 110.00 | NOTE | |||
r-oldrel-macos-x86_64 | 1.0.5 | 212.00 | NOTE | |||
r-oldrel-windows-x86_64 | 1.0.5 | 44.00 | 329.00 | 373.00 | NOTE |
Version: 1.0.5
Check: package dependencies
Result: NOTE
Package suggested but not available for checking: ‘fastshp’
Flavors: r-devel-linux-x86_64-debian-clang, r-devel-linux-x86_64-debian-gcc, r-devel-linux-x86_64-fedora-clang, r-devel-linux-x86_64-fedora-gcc, r-devel-windows-x86_64, r-patched-linux-x86_64, r-release-linux-x86_64, r-release-macos-arm64, r-release-macos-x86_64, r-release-windows-x86_64, r-oldrel-macos-arm64, r-oldrel-macos-x86_64, r-oldrel-windows-x86_64