Last updated on 2024-06-14 08:56:44 CEST.
Flavor | Version | Tinstall | Tcheck | Ttotal | Status | Flags |
---|---|---|---|---|---|---|
r-devel-linux-x86_64-debian-clang | 1.4.5 | 145.80 | 59.86 | 205.66 | NOTE | |
r-devel-linux-x86_64-debian-gcc | 1.4.5 | 100.52 | 43.53 | 144.05 | NOTE | |
r-devel-linux-x86_64-fedora-clang | 1.4.5 | 319.29 | NOTE | |||
r-devel-linux-x86_64-fedora-gcc | 1.4.5 | 302.53 | NOTE | |||
r-devel-windows-x86_64 | 1.4.5 | 109.00 | 82.00 | 191.00 | NOTE | |
r-patched-linux-x86_64 | 1.4.5 | 123.99 | 54.92 | 178.91 | NOTE | |
r-release-linux-x86_64 | 1.4.5 | 126.61 | 55.08 | 181.69 | NOTE | |
r-release-macos-arm64 | 1.4.5 | 58.00 | NOTE | |||
r-release-macos-x86_64 | 1.4.5 | 85.00 | NOTE | |||
r-release-windows-x86_64 | 1.4.5 | 108.00 | 84.00 | 192.00 | NOTE | |
r-oldrel-macos-arm64 | 1.4.5 | 73.00 | NOTE | |||
r-oldrel-macos-x86_64 | 1.4.5 | 120.00 | NOTE | |||
r-oldrel-windows-x86_64 | 1.4.5 | 135.00 | 100.00 | 235.00 | NOTE |
Version: 1.4.5
Check: C++ specification
Result: NOTE
Specified C++11: please drop specification unless essential
Flavors: r-devel-linux-x86_64-debian-clang, r-devel-linux-x86_64-debian-gcc, r-devel-linux-x86_64-fedora-clang, r-devel-linux-x86_64-fedora-gcc, r-devel-windows-x86_64, r-patched-linux-x86_64, r-release-linux-x86_64, r-release-macos-arm64, r-release-macos-x86_64, r-release-windows-x86_64, r-oldrel-macos-arm64, r-oldrel-macos-x86_64, r-oldrel-windows-x86_64
Version: 1.4.5
Check: installed package size
Result: NOTE
installed size is 8.2Mb
sub-directories of 1Mb or more:
libs 8.0Mb
Flavors: r-release-macos-arm64, r-release-macos-x86_64, r-oldrel-macos-arm64, r-oldrel-macos-x86_64