Last updated on 2024-06-30 00:59:20 CEST.
Flavor | Version | Tinstall | Tcheck | Ttotal | Status | Flags |
---|---|---|---|---|---|---|
r-devel-linux-x86_64-debian-clang | 0.1 | 5.19 | 53.89 | 59.08 | OK | |
r-devel-linux-x86_64-debian-gcc | 0.1 | 3.61 | 40.48 | 44.09 | OK | |
r-devel-linux-x86_64-fedora-clang | 0.1 | 73.22 | NOTE | |||
r-devel-linux-x86_64-fedora-gcc | 0.1 | 69.43 | NOTE | |||
r-devel-windows-x86_64 | 0.1 | 6.00 | 62.00 | 68.00 | OK | |
r-patched-linux-x86_64 | 0.1 | 6.72 | 52.25 | 58.97 | OK | |
r-release-linux-x86_64 | 0.1 | 4.95 | 50.73 | 55.68 | OK | |
r-release-macos-arm64 | 0.1 | 25.00 | OK | |||
r-release-macos-x86_64 | 0.1 | 43.00 | OK | |||
r-release-windows-x86_64 | 0.1 | 7.00 | 63.00 | 70.00 | OK | |
r-oldrel-macos-arm64 | 0.1 | 44.00 | OK | |||
r-oldrel-macos-x86_64 | 0.1 | 50.00 | OK | |||
r-oldrel-windows-x86_64 | 0.1 | 7.00 | 69.00 | 76.00 | OK |
Version: 0.1
Check: data for non-ASCII characters
Result: NOTE
Note: found 5766 marked UTF-8 strings
Flavors: r-devel-linux-x86_64-fedora-clang, r-devel-linux-x86_64-fedora-gcc