Last updated on 2024-06-16 11:58:02 CEST.
Flavor | Version | Tinstall | Tcheck | Ttotal | Status | Flags |
---|---|---|---|---|---|---|
r-devel-linux-x86_64-debian-clang | 0.6.2 | 10.36 | 94.87 | 105.23 | OK | |
r-devel-linux-x86_64-debian-gcc | 0.6.2 | 7.59 | 69.45 | 77.04 | OK | |
r-devel-linux-x86_64-fedora-clang | 0.6.2 | 135.27 | NOTE | |||
r-devel-linux-x86_64-fedora-gcc | 0.6.2 | 120.08 | OK | |||
r-devel-windows-x86_64 | 0.6.2 | 10.00 | 87.00 | 97.00 | OK | |
r-patched-linux-x86_64 | 0.6.2 | 6.94 | 90.51 | 97.45 | OK | |
r-release-linux-x86_64 | 0.6.2 | 5.88 | 88.27 | 94.15 | OK | |
r-release-macos-arm64 | 0.6.2 | 40.00 | OK | |||
r-release-macos-x86_64 | 0.6.2 | 55.00 | OK | |||
r-release-windows-x86_64 | 0.6.2 | 9.00 | 89.00 | 98.00 | OK | |
r-oldrel-macos-arm64 | 0.6.2 | 43.00 | OK | |||
r-oldrel-macos-x86_64 | 0.6.2 | 96.00 | OK | |||
r-oldrel-windows-x86_64 | 0.6.2 | 12.00 | 104.00 | 116.00 | OK |
Version: 0.6.2
Check: package dependencies
Result: NOTE
Imports includes 23 non-default packages.
Importing from so many packages makes the package vulnerable to any of
them becoming unavailable. Move as many as possible to Suggests and
use conditionally.
Flavor: r-devel-linux-x86_64-fedora-clang