Last updated on 2024-06-16 11:58:02 CEST.
Flavor | Version | Tinstall | Tcheck | Ttotal | Status | Flags |
---|---|---|---|---|---|---|
r-devel-linux-x86_64-debian-clang | 1.0.0 | 38.79 | 276.40 | 315.19 | NOTE | |
r-devel-linux-x86_64-debian-gcc | 1.0.0 | 31.73 | 196.74 | 228.47 | NOTE | |
r-devel-linux-x86_64-fedora-clang | 1.0.0 | 210.50 | NOTE | |||
r-devel-linux-x86_64-fedora-gcc | 1.0.0 | 198.91 | NOTE | |||
r-devel-windows-x86_64 | 1.0.0 | 24.00 | 185.00 | 209.00 | NOTE | |
r-patched-linux-x86_64 | 1.0.0 | 36.04 | 259.28 | 295.32 | NOTE | |
r-release-linux-x86_64 | 1.0.0 | 25.82 | 263.88 | 289.70 | NOTE | |
r-release-macos-arm64 | 1.0.0 | 140.00 | NOTE | |||
r-release-macos-x86_64 | 1.0.0 | 151.00 | NOTE | |||
r-release-windows-x86_64 | 1.0.0 | 25.00 | 183.00 | 208.00 | NOTE | |
r-oldrel-macos-arm64 | 1.0.0 | 92.00 | OK | |||
r-oldrel-macos-x86_64 | 1.0.0 | 245.00 | OK | |||
r-oldrel-windows-x86_64 | 1.0.0 | 33.00 | 234.00 | 267.00 | OK |
Version: 1.0.0
Check: Rd files
Result: NOTE
checkRd: (-1) addFPOD.Rd:42: Lost braces
42 | has FPOD detections, these events may not work with a variety of other ]code{PAMpal}
| ^
Flavors: r-devel-linux-x86_64-debian-clang, r-devel-linux-x86_64-debian-gcc, r-devel-linux-x86_64-fedora-clang, r-devel-linux-x86_64-fedora-gcc, r-devel-windows-x86_64, r-patched-linux-x86_64, r-release-linux-x86_64, r-release-macos-arm64, r-release-macos-x86_64, r-release-windows-x86_64