Last updated on 2024-06-30 00:59:21 CEST.
Flavor | Version | Tinstall | Tcheck | Ttotal | Status | Flags |
---|---|---|---|---|---|---|
r-devel-linux-x86_64-debian-clang | 2.73.4 | 24.61 | 104.57 | 129.18 | OK | |
r-devel-linux-x86_64-debian-gcc | 2.73.4 | 20.53 | 75.35 | 95.88 | OK | |
r-devel-linux-x86_64-fedora-clang | 2.73.4 | 162.22 | NOTE | |||
r-devel-linux-x86_64-fedora-gcc | 2.73.4 | 171.16 | OK | |||
r-devel-windows-x86_64 | 2.73.4 | 27.00 | 127.00 | 154.00 | NOTE | |
r-patched-linux-x86_64 | 2.73.4 | 26.53 | 98.54 | 125.07 | OK | |
r-release-linux-x86_64 | 2.73.4 | 25.46 | 95.77 | 121.23 | OK | |
r-release-macos-arm64 | 2.73.4 | 47.00 | NOTE | |||
r-release-macos-x86_64 | 2.73.4 | 73.00 | NOTE | |||
r-release-windows-x86_64 | 2.73.4 | 25.00 | 125.00 | 150.00 | NOTE | |
r-oldrel-macos-arm64 | 2.73.4 | 54.00 | NOTE | |||
r-oldrel-macos-x86_64 | 2.73.4 | 182.00 | NOTE | |||
r-oldrel-windows-x86_64 | 2.73.4 | 27.00 | 146.00 | 173.00 | NOTE |
Version: 2.73.4
Check: installed package size
Result: NOTE
installed size is 5.6Mb
sub-directories of 1Mb or more:
data 2.7Mb
doc 1.1Mb
Flavors: r-devel-linux-x86_64-fedora-clang, r-devel-windows-x86_64, r-release-macos-arm64, r-release-macos-x86_64, r-release-windows-x86_64, r-oldrel-macos-arm64, r-oldrel-macos-x86_64, r-oldrel-windows-x86_64