Last updated on 2024-06-16 11:58:03 CEST.
Flavor | Version | Tinstall | Tcheck | Ttotal | Status | Flags |
---|---|---|---|---|---|---|
r-devel-linux-x86_64-debian-clang | 0.1.0 | 2.28 | 55.08 | 57.36 | OK | |
r-devel-linux-x86_64-debian-gcc | 0.1.0 | 2.27 | 39.74 | 42.01 | OK | |
r-devel-linux-x86_64-fedora-clang | 0.1.0 | 75.71 | NOTE | |||
r-devel-linux-x86_64-fedora-gcc | 0.1.0 | 80.00 | OK | |||
r-devel-windows-x86_64 | 0.1.0 | 3.00 | 67.00 | 70.00 | OK | |
r-patched-linux-x86_64 | 0.1.0 | 2.20 | 51.98 | 54.18 | OK | |
r-release-linux-x86_64 | 0.1.0 | 2.80 | 54.67 | 57.47 | OK | |
r-release-macos-arm64 | 0.1.0 | 27.00 | OK | |||
r-release-macos-x86_64 | 0.1.0 | 44.00 | OK | |||
r-release-windows-x86_64 | 0.1.0 | 3.00 | 65.00 | 68.00 | OK | |
r-oldrel-macos-arm64 | 0.1.0 | 29.00 | OK | |||
r-oldrel-macos-x86_64 | 0.1.0 | 47.00 | OK | |||
r-oldrel-windows-x86_64 | 0.1.0 | 3.00 | 71.00 | 74.00 | OK |
Version: 0.1.0
Check: Rd cross-references
Result: NOTE
Undeclared package ‘aricode’ in Rd xrefs
Flavor: r-devel-linux-x86_64-fedora-clang