Last updated on 2024-06-30 00:59:21 CEST.
Flavor | Version | Tinstall | Tcheck | Ttotal | Status | Flags |
---|---|---|---|---|---|---|
r-devel-linux-x86_64-debian-clang | 1.2.0 | 245.94 | 730.73 | 976.67 | OK | |
r-devel-linux-x86_64-debian-gcc | 1.2.0 | 172.39 | 495.47 | 667.86 | OK | |
r-devel-linux-x86_64-fedora-clang | 1.2.0 | 1315.72 | NOTE | |||
r-devel-linux-x86_64-fedora-gcc | 1.2.0 | 1324.79 | OK | |||
r-devel-windows-x86_64 | 1.2.0 | 189.00 | 560.00 | 749.00 | NOTE | |
r-patched-linux-x86_64 | 1.2.0 | 219.32 | 680.23 | 899.55 | OK | |
r-release-linux-x86_64 | 1.2.0 | 156.73 | 680.65 | 837.38 | OK | |
r-release-macos-arm64 | 1.2.0 | 289.00 | NOTE | |||
r-release-macos-x86_64 | 1.2.0 | 427.00 | NOTE | |||
r-release-windows-x86_64 | 1.2.0 | 193.00 | 554.00 | 747.00 | NOTE | |
r-oldrel-macos-arm64 | 1.2.0 | 347.00 | NOTE | |||
r-oldrel-macos-x86_64 | 1.2.0 | 585.00 | NOTE | |||
r-oldrel-windows-x86_64 | 1.2.0 | 233.00 | 700.00 | 933.00 | NOTE |
Version: 1.2.0
Check: installed package size
Result: NOTE
installed size is 6.0Mb
sub-directories of 1Mb or more:
data 1.4Mb
doc 2.1Mb
Flavors: r-devel-linux-x86_64-fedora-clang, r-devel-windows-x86_64, r-release-macos-arm64, r-release-macos-x86_64, r-release-windows-x86_64, r-oldrel-macos-arm64, r-oldrel-macos-x86_64, r-oldrel-windows-x86_64