Last updated on 2024-06-30 00:59:21 CEST.
Flavor | Version | Tinstall | Tcheck | Ttotal | Status | Flags |
---|---|---|---|---|---|---|
r-devel-linux-x86_64-debian-clang | 0.1.1 | 37.19 | 379.84 | 417.03 | OK | |
r-devel-linux-x86_64-debian-gcc | 0.1.1 | 33.70 | 288.72 | 322.42 | OK | |
r-devel-linux-x86_64-fedora-clang | 0.1.1 | 542.47 | NOTE | |||
r-devel-linux-x86_64-fedora-gcc | 0.1.1 | 554.12 | NOTE | |||
r-devel-windows-x86_64 | 0.1.1 | 36.00 | 271.00 | 307.00 | OK | |
r-patched-linux-x86_64 | 0.1.1 | 40.79 | 367.97 | 408.76 | OK | |
r-release-linux-x86_64 | 0.1.1 | 36.03 | 363.34 | 399.37 | OK | |
r-release-macos-arm64 | 0.1.1 | 147.00 | OK | |||
r-release-macos-x86_64 | 0.1.1 | 226.00 | OK | |||
r-release-windows-x86_64 | 0.1.1 | 38.00 | 271.00 | 309.00 | OK | |
r-oldrel-macos-arm64 | 0.1.1 | 138.00 | OK | |||
r-oldrel-macos-x86_64 | 0.1.1 | 272.00 | OK | |||
r-oldrel-windows-x86_64 | 0.1.1 | 50.00 | 363.00 | 413.00 | OK |
Version: 0.1.1
Check: dependencies in R code
Result: NOTE
Namespaces in Imports field not imported from:
‘base’ ‘grDevices’
All declared Imports should be used.
Flavors: r-devel-linux-x86_64-fedora-clang, r-devel-linux-x86_64-fedora-gcc