Last updated on 2024-06-30 00:59:22 CEST.
Flavor | Version | Tinstall | Tcheck | Ttotal | Status | Flags |
---|---|---|---|---|---|---|
r-devel-linux-x86_64-debian-clang | 1.1.4 | 262.37 | 42.09 | 304.46 | OK | |
r-devel-linux-x86_64-debian-gcc | 1.1.4 | 159.89 | 30.91 | 190.80 | OK | |
r-devel-linux-x86_64-fedora-clang | 1.1.4 | 401.05 | OK | |||
r-devel-linux-x86_64-fedora-gcc | 1.1.4 | 424.16 | OK | |||
r-devel-windows-x86_64 | 1.1.4 | 176.00 | 79.00 | 255.00 | OK | |
r-patched-linux-x86_64 | 1.1.4 | 191.66 | 38.82 | 230.48 | OK | |
r-release-linux-x86_64 | 1.1.4 | 199.78 | 39.35 | 239.13 | OK | |
r-release-macos-arm64 | 1.1.4 | 72.00 | NOTE | |||
r-release-macos-x86_64 | 1.1.4 | 80.00 | NOTE | |||
r-release-windows-x86_64 | 1.1.4 | 179.00 | 78.00 | 257.00 | OK | |
r-oldrel-macos-arm64 | 1.1.4 | 75.00 | NOTE | |||
r-oldrel-macos-x86_64 | 1.1.4 | 83.00 | NOTE | |||
r-oldrel-windows-x86_64 | 1.1.4 | 218.00 | 88.00 | 306.00 | OK |
Version: 1.1.4
Check: installed package size
Result: NOTE
installed size is 13.0Mb
sub-directories of 1Mb or more:
libs 12.8Mb
Flavors: r-release-macos-arm64, r-release-macos-x86_64, r-oldrel-macos-arm64, r-oldrel-macos-x86_64