Last updated on 2024-06-16 11:58:03 CEST.
Flavor | Version | Tinstall | Tcheck | Ttotal | Status | Flags |
---|---|---|---|---|---|---|
r-devel-linux-x86_64-debian-clang | 1.2.5 | 7.50 | 58.23 | 65.73 | OK | |
r-devel-linux-x86_64-debian-gcc | 1.2.5 | 4.34 | 43.46 | 47.80 | OK | |
r-devel-linux-x86_64-fedora-clang | 1.2.5 | 83.94 | NOTE | |||
r-devel-linux-x86_64-fedora-gcc | 1.2.5 | 76.14 | NOTE | |||
r-devel-windows-x86_64 | 1.2.5 | 7.00 | 62.00 | 69.00 | OK | |
r-patched-linux-x86_64 | 1.2.5 | 6.13 | 54.86 | 60.99 | OK | |
r-release-linux-x86_64 | 1.2.5 | 7.05 | 56.09 | 63.14 | OK | |
r-release-macos-arm64 | 1.2.5 | 25.00 | OK | |||
r-release-macos-x86_64 | 1.2.5 | 38.00 | OK | |||
r-release-windows-x86_64 | 1.2.5 | 7.00 | 61.00 | 68.00 | OK | |
r-oldrel-macos-arm64 | 1.2.5 | 26.00 | OK | |||
r-oldrel-macos-x86_64 | 1.2.5 | 42.00 | OK | |||
r-oldrel-windows-x86_64 | 1.2.5 | 8.00 | 70.00 | 78.00 | OK |
Version: 1.2.5
Check: compiled code
Result: NOTE
File ‘PerfMeas/libs/PerfMeas.so’:
Found no calls to: ‘R_registerRoutines’, ‘R_useDynamicSymbols’
It is good practice to register native routines and to disable symbol
search.
See ‘Writing portable packages’ in the ‘Writing R Extensions’ manual.
Flavors: r-devel-linux-x86_64-fedora-clang, r-devel-linux-x86_64-fedora-gcc