Last updated on 2024-06-30 00:59:21 CEST.
Flavor | Version | Tinstall | Tcheck | Ttotal | Status | Flags |
---|---|---|---|---|---|---|
r-devel-linux-x86_64-debian-clang | 1.4.3 | 28.31 | 137.78 | 166.09 | OK | |
r-devel-linux-x86_64-debian-gcc | 1.4.3 | 18.15 | 99.12 | 117.27 | OK | |
r-devel-linux-x86_64-fedora-clang | 1.4.3 | 214.51 | NOTE | |||
r-devel-linux-x86_64-fedora-gcc | 1.4.3 | 216.42 | NOTE | |||
r-devel-windows-x86_64 | 1.4.3 | 23.00 | 189.00 | 212.00 | OK | |
r-patched-linux-x86_64 | 1.4.3 | 22.69 | 131.71 | 154.40 | OK | |
r-release-linux-x86_64 | 1.4.3 | 21.09 | 132.96 | 154.05 | OK | |
r-release-macos-arm64 | 1.4.3 | 62.00 | OK | |||
r-release-macos-x86_64 | 1.4.3 | 95.00 | OK | |||
r-release-windows-x86_64 | 1.4.3 | 23.00 | 187.00 | 210.00 | OK | |
r-oldrel-macos-arm64 | 1.4.3 | 68.00 | OK | |||
r-oldrel-macos-x86_64 | 1.4.3 | 108.00 | OK | |||
r-oldrel-windows-x86_64 | 1.4.3 | 28.00 | 202.00 | 230.00 | OK |
Version: 1.4.3
Check: dependencies in R code
Result: NOTE
Namespace in Imports field not imported from: ‘dplyr’
All declared Imports should be used.
Flavors: r-devel-linux-x86_64-fedora-clang, r-devel-linux-x86_64-fedora-gcc