Last updated on 2024-06-16 11:58:03 CEST.
Flavor | Version | Tinstall | Tcheck | Ttotal | Status | Flags |
---|---|---|---|---|---|---|
r-devel-linux-x86_64-debian-clang | 0.0.3 | 2.20 | 32.58 | 34.78 | OK | |
r-devel-linux-x86_64-debian-gcc | 0.0.3 | 1.76 | 24.82 | 26.58 | OK | |
r-devel-linux-x86_64-fedora-clang | 0.0.3 | 46.41 | NOTE | |||
r-devel-linux-x86_64-fedora-gcc | 0.0.3 | 54.42 | NOTE | |||
r-devel-windows-x86_64 | 0.0.3 | 3.00 | 47.00 | 50.00 | OK | |
r-patched-linux-x86_64 | 0.0.3 | 1.64 | 31.36 | 33.00 | OK | |
r-release-linux-x86_64 | 0.0.3 | 1.56 | 31.12 | 32.68 | OK | |
r-release-macos-arm64 | 0.0.3 | 25.00 | OK | |||
r-release-macos-x86_64 | 0.0.3 | 33.00 | OK | |||
r-release-windows-x86_64 | 0.0.3 | 4.00 | 47.00 | 51.00 | OK | |
r-oldrel-macos-arm64 | 0.0.3 | 26.00 | OK | |||
r-oldrel-macos-x86_64 | 0.0.3 | 36.00 | OK | |||
r-oldrel-windows-x86_64 | 0.0.3 | 4.00 | 48.00 | 52.00 | OK |
Version: 0.0.3
Check: dependencies in R code
Result: NOTE
Namespaces in Imports field not imported from:
‘dplyr’ ‘methods’ ‘numDeriv’ ‘tidyr’
All declared Imports should be used.
Flavors: r-devel-linux-x86_64-fedora-clang, r-devel-linux-x86_64-fedora-gcc