Last updated on 2024-06-30 00:59:22 CEST.
Flavor | Version | Tinstall | Tcheck | Ttotal | Status | Flags |
---|---|---|---|---|---|---|
r-devel-linux-x86_64-debian-clang | 1.5.4 | 58.74 | 435.03 | 493.77 | NOTE | |
r-devel-linux-x86_64-debian-gcc | 1.5.4 | 44.14 | 298.20 | 342.34 | NOTE | |
r-devel-linux-x86_64-fedora-clang | 1.5.4 | 592.09 | OK | |||
r-devel-linux-x86_64-fedora-gcc | 1.5.4 | 560.46 | OK | |||
r-devel-windows-x86_64 | 1.5.4 | 44.00 | 239.00 | 283.00 | OK | |
r-patched-linux-x86_64 | 1.5.4 | 55.35 | 404.98 | 460.33 | NOTE | |
r-release-linux-x86_64 | 1.5.4 | 45.84 | 410.02 | 455.86 | NOTE | |
r-release-macos-arm64 | 1.5.4 | 122.00 | NOTE | |||
r-release-macos-x86_64 | 1.5.4 | 237.00 | NOTE | |||
r-release-windows-x86_64 | 1.5.4 | 44.00 | 245.00 | 289.00 | OK | |
r-oldrel-macos-arm64 | 1.5.4 | 120.00 | NOTE | |||
r-oldrel-macos-x86_64 | 1.5.4 | 234.00 | NOTE | |||
r-oldrel-windows-x86_64 | 1.5.4 | 61.00 | 340.00 | 401.00 | NOTE |
Version: 1.5.4
Check: package dependencies
Result: NOTE
Package suggested but not available for checking: ‘INLA’
Flavors: r-devel-linux-x86_64-debian-clang, r-devel-linux-x86_64-debian-gcc, r-patched-linux-x86_64, r-release-linux-x86_64, r-release-macos-arm64, r-release-macos-x86_64, r-oldrel-macos-arm64, r-oldrel-macos-x86_64, r-oldrel-windows-x86_64