Last updated on 2024-06-30 00:59:22 CEST.
Flavor | Version | Tinstall | Tcheck | Ttotal | Status | Flags |
---|---|---|---|---|---|---|
r-devel-linux-x86_64-debian-clang | 1.4 | 190.43 | 694.27 | 884.70 | OK | |
r-devel-linux-x86_64-debian-gcc | 1.4 | 137.86 | 522.59 | 660.45 | OK | |
r-devel-linux-x86_64-fedora-clang | 1.4 | 1301.20 | NOTE | |||
r-devel-linux-x86_64-fedora-gcc | 1.4 | 1331.50 | NOTE | |||
r-devel-windows-x86_64 | 1.4 | 173.00 | 482.00 | 655.00 | OK | |
r-patched-linux-x86_64 | 1.4 | 179.72 | 667.05 | 846.77 | OK | |
r-release-linux-x86_64 | 1.4 | 183.42 | 662.02 | 845.44 | OK | |
r-release-macos-arm64 | 1.4 | 5.00 | ERROR | |||
r-release-macos-x86_64 | 1.4 | 412.00 | NOTE | |||
r-release-windows-x86_64 | 1.4 | 185.00 | 482.00 | 667.00 | OK | |
r-oldrel-macos-arm64 | 1.4 | 191.00 | NOTE | |||
r-oldrel-macos-x86_64 | 1.4 | 11.00 | ERROR | |||
r-oldrel-windows-x86_64 | 1.4 | 191.00 | 638.00 | 829.00 | OK |
Version: 1.4
Check: dependencies in R code
Result: NOTE
Namespace in Imports field not imported from: ‘Rcpp’
All declared Imports should be used.
Flavors: r-devel-linux-x86_64-fedora-clang, r-devel-linux-x86_64-fedora-gcc
Version: 1.4
Check: package dependencies
Result: ERROR
Package required but not available: ‘org.Mm.eg.db’
See section ‘The DESCRIPTION file’ in the ‘Writing R Extensions’
manual.
Flavors: r-release-macos-arm64, r-oldrel-macos-x86_64
Version: 1.4
Check: installed package size
Result: NOTE
installed size is 15.9Mb
sub-directories of 1Mb or more:
data 2.2Mb
libs 13.1Mb
Flavors: r-release-macos-x86_64, r-oldrel-macos-arm64