Last updated on 2024-06-16 11:58:03 CEST.
Flavor | Version | Tinstall | Tcheck | Ttotal | Status | Flags |
---|---|---|---|---|---|---|
r-devel-linux-x86_64-debian-clang | 1.5.2 | 9.92 | 98.86 | 108.78 | NOTE | |
r-devel-linux-x86_64-debian-gcc | 1.5.2 | 9.58 | 72.07 | 81.65 | NOTE | |
r-devel-linux-x86_64-fedora-clang | 1.5.2 | 140.48 | NOTE | |||
r-devel-linux-x86_64-fedora-gcc | 1.5.2 | 128.73 | NOTE | |||
r-devel-windows-x86_64 | 1.5.2 | 11.00 | 84.00 | 95.00 | NOTE | |
r-patched-linux-x86_64 | 1.5.2 | 10.94 | 94.31 | 105.25 | NOTE | |
r-release-linux-x86_64 | 1.5.2 | 7.78 | 94.68 | 102.46 | NOTE | |
r-release-macos-arm64 | 1.5.2 | 38.00 | NOTE | |||
r-release-macos-x86_64 | 1.5.2 | 61.00 | NOTE | |||
r-release-windows-x86_64 | 1.5.2 | 12.00 | 84.00 | 96.00 | NOTE | |
r-oldrel-macos-arm64 | 1.5.2 | 59.00 | OK | |||
r-oldrel-macos-x86_64 | 1.5.2 | 82.00 | OK | |||
r-oldrel-windows-x86_64 | 1.5.2 | 16.00 | 105.00 | 121.00 | OK |
Version: 1.5.2
Check: Rd files
Result: NOTE
checkRd: (-1) organize.Rd:17: Lost braces in \itemize; \value handles \item{}{} directly
checkRd: (-1) organize.Rd:18: Lost braces in \itemize; \value handles \item{}{} directly
checkRd: (-1) rebuild.Rd:17: Lost braces in \itemize; \value handles \item{}{} directly
checkRd: (-1) rebuild.Rd:18: Lost braces in \itemize; \value handles \item{}{} directly
checkRd: (-1) rebuild.Rd:19: Lost braces in \itemize; \value handles \item{}{} directly
checkRd: (-1) rebuild.Rd:20: Lost braces in \itemize; \value handles \item{}{} directly
Flavors: r-devel-linux-x86_64-debian-clang, r-devel-linux-x86_64-debian-gcc, r-devel-linux-x86_64-fedora-clang, r-devel-linux-x86_64-fedora-gcc, r-devel-windows-x86_64, r-patched-linux-x86_64, r-release-linux-x86_64, r-release-macos-arm64, r-release-macos-x86_64, r-release-windows-x86_64