Last updated on 2024-06-30 00:59:23 CEST.
Flavor | Version | Tinstall | Tcheck | Ttotal | Status | Flags |
---|---|---|---|---|---|---|
r-devel-linux-x86_64-debian-clang | 1.1.18 | 66.54 | 44.16 | 110.70 | OK | |
r-devel-linux-x86_64-debian-gcc | 1.1.18 | 53.07 | 35.90 | 88.97 | OK | |
r-devel-linux-x86_64-fedora-clang | 1.1.18 | 150.62 | OK | |||
r-devel-linux-x86_64-fedora-gcc | 1.1.18 | 162.18 | OK | |||
r-devel-windows-x86_64 | 1.1.18 | 52.00 | 74.00 | 126.00 | OK | |
r-patched-linux-x86_64 | 1.1.18 | 61.80 | 45.52 | 107.32 | OK | |
r-release-linux-x86_64 | 1.1.18 | 62.31 | 46.02 | 108.33 | OK | |
r-release-macos-arm64 | 1.1.18 | 40.00 | NOTE | |||
r-release-macos-x86_64 | 1.1.18 | 61.00 | NOTE | |||
r-release-windows-x86_64 | 1.1.18 | 53.00 | 70.00 | 123.00 | OK | |
r-oldrel-macos-arm64 | 1.1.18 | 44.00 | NOTE | |||
r-oldrel-macos-x86_64 | 1.1.18 | 92.00 | NOTE | |||
r-oldrel-windows-x86_64 | 1.1.18 | 64.00 | 86.00 | 150.00 | OK |
Version: 1.1.18
Check: installed package size
Result: NOTE
installed size is 13.8Mb
sub-directories of 1Mb or more:
libs 13.1Mb
Flavors: r-release-macos-arm64, r-release-macos-x86_64, r-oldrel-macos-arm64, r-oldrel-macos-x86_64