Last updated on 2024-06-30 00:59:23 CEST.
Flavor | Version | Tinstall | Tcheck | Ttotal | Status | Flags |
---|---|---|---|---|---|---|
r-devel-linux-x86_64-debian-clang | 0.1.1 | 2.90 | 48.49 | 51.39 | OK | |
r-devel-linux-x86_64-debian-gcc | 0.1.1 | 2.23 | 39.15 | 41.38 | OK | |
r-devel-linux-x86_64-fedora-clang | 0.1.1 | 64.61 | NOTE | |||
r-devel-linux-x86_64-fedora-gcc | 0.1.1 | 74.50 | NOTE | |||
r-devel-windows-x86_64 | 0.1.1 | 4.00 | 354.00 | 358.00 | OK | |
r-patched-linux-x86_64 | 0.1.1 | 2.48 | 46.37 | 48.85 | OK | |
r-release-linux-x86_64 | 0.1.1 | 2.97 | 46.88 | 49.85 | OK | |
r-release-macos-arm64 | 0.1.1 | 211.00 | OK | |||
r-release-macos-x86_64 | 0.1.1 | 332.00 | OK | |||
r-release-windows-x86_64 | 0.1.1 | 4.00 | 355.00 | 359.00 | OK | |
r-oldrel-macos-arm64 | 0.1.1 | 237.00 | OK | |||
r-oldrel-macos-x86_64 | 0.1.1 | 331.00 | OK | |||
r-oldrel-windows-x86_64 | 0.1.1 | 5.00 | 466.00 | 471.00 | OK |
Version: 0.1.1
Check: dependencies in R code
Result: NOTE
Namespaces in Imports field not imported from:
‘asd’ ‘cubature’ ‘data.table’ ‘ggplot2’ ‘multxpert’ ‘survival’
All declared Imports should be used.
Flavors: r-devel-linux-x86_64-fedora-clang, r-devel-linux-x86_64-fedora-gcc