Last updated on 2024-06-30 00:59:23 CEST.
Flavor | Version | Tinstall | Tcheck | Ttotal | Status | Flags |
---|---|---|---|---|---|---|
r-devel-linux-x86_64-debian-clang | 0.1.35 | 113.83 | 233.81 | 347.64 | OK | |
r-devel-linux-x86_64-debian-gcc | 0.1.35 | 91.47 | 175.72 | 267.19 | OK | |
r-devel-linux-x86_64-fedora-clang | 0.1.35 | 430.86 | OK | |||
r-devel-linux-x86_64-fedora-gcc | 0.1.35 | 498.85 | OK | |||
r-devel-windows-x86_64 | 0.1.35 | 86.00 | 198.00 | 284.00 | OK | |
r-patched-linux-x86_64 | 0.1.35 | 106.43 | 225.23 | 331.66 | OK | |
r-release-linux-x86_64 | 0.1.35 | 104.38 | 231.30 | 335.68 | OK | |
r-release-macos-arm64 | 0.1.35 | 110.00 | NOTE | |||
r-release-macos-x86_64 | 0.1.35 | 175.00 | NOTE | |||
r-release-windows-x86_64 | 0.1.35 | 86.00 | 195.00 | 281.00 | OK | |
r-oldrel-macos-arm64 | 0.1.35 | 112.00 | NOTE | |||
r-oldrel-macos-x86_64 | 0.1.35 | 327.00 | NOTE | |||
r-oldrel-windows-x86_64 | 0.1.35 | 105.00 | 250.00 | 355.00 | OK |
Version: 0.1.35
Check: installed package size
Result: NOTE
installed size is 34.7Mb
sub-directories of 1Mb or more:
libs 33.2Mb
Flavors: r-release-macos-arm64, r-release-macos-x86_64, r-oldrel-macos-arm64, r-oldrel-macos-x86_64