Last updated on 2024-06-30 00:59:23 CEST.
Flavor | Version | Tinstall | Tcheck | Ttotal | Status | Flags |
---|---|---|---|---|---|---|
r-devel-linux-x86_64-debian-clang | 1.1 | 10.61 | 107.46 | 118.07 | NOTE | |
r-devel-linux-x86_64-debian-gcc | 1.1 | 10.75 | 79.68 | 90.43 | NOTE | |
r-devel-linux-x86_64-fedora-clang | 1.1 | 154.02 | NOTE | |||
r-devel-linux-x86_64-fedora-gcc | 1.1 | 141.03 | NOTE | |||
r-devel-windows-x86_64 | 1.1 | 12.00 | 95.00 | 107.00 | NOTE | |
r-patched-linux-x86_64 | 1.1 | 8.90 | 103.63 | 112.53 | NOTE | |
r-release-linux-x86_64 | 1.1 | 10.96 | 104.27 | 115.23 | NOTE | |
r-release-macos-arm64 | 1.1 | 38.00 | NOTE | |||
r-release-macos-x86_64 | 1.1 | 61.00 | NOTE | |||
r-release-windows-x86_64 | 1.1 | 13.00 | 94.00 | 107.00 | NOTE | |
r-oldrel-macos-arm64 | 1.1 | 29.00 | NOTE | |||
r-oldrel-macos-x86_64 | 1.1 | 40.00 | NOTE | |||
r-oldrel-windows-x86_64 | 1.1 | 16.00 | 115.00 | 131.00 | NOTE |
Version: 1.1
Check: LazyData
Result: NOTE
'LazyData' is specified without a 'data' directory
Flavors: r-devel-linux-x86_64-debian-clang, r-devel-linux-x86_64-debian-gcc, r-devel-linux-x86_64-fedora-clang, r-devel-linux-x86_64-fedora-gcc, r-devel-windows-x86_64, r-patched-linux-x86_64, r-release-linux-x86_64, r-release-macos-arm64, r-release-macos-x86_64, r-release-windows-x86_64, r-oldrel-macos-arm64, r-oldrel-macos-x86_64, r-oldrel-windows-x86_64