Last updated on 2024-06-30 00:59:23 CEST.
Flavor | Version | Tinstall | Tcheck | Ttotal | Status | Flags |
---|---|---|---|---|---|---|
r-devel-linux-x86_64-debian-clang | 1.98-1.14 | 22.73 | 55.73 | 78.46 | NOTE | |
r-devel-linux-x86_64-debian-gcc | 1.98-1.14 | 16.23 | 40.90 | 57.13 | NOTE | |
r-devel-linux-x86_64-fedora-clang | 1.98-1.14 | 100.70 | NOTE | |||
r-devel-linux-x86_64-fedora-gcc | 1.98-1.14 | 101.31 | NOTE | |||
r-devel-windows-x86_64 | 1.98-1.14 | 26.00 | 4.00 | 30.00 | ERROR | |
r-patched-linux-x86_64 | 1.98-1.14 | 21.27 | 51.94 | 73.21 | NOTE | |
r-release-linux-x86_64 | 1.98-1.14 | 20.43 | 52.37 | 72.80 | NOTE | |
r-release-macos-arm64 | 1.98-1.14 | 160.00 | NOTE | |||
r-release-macos-x86_64 | 1.98-1.14 | 189.00 | NOTE | |||
r-release-windows-x86_64 | 1.98-1.14 | 24.00 | 5.00 | 29.00 | ERROR | |
r-oldrel-macos-arm64 | 1.98-1.14 | 161.00 | NOTE | |||
r-oldrel-macos-x86_64 | 1.98-1.14 | 218.00 | NOTE | |||
r-oldrel-windows-x86_64 | 1.98-1.14 | 40.00 | 200.00 | 240.00 | NOTE |
Version: 1.98-1.14
Check: for GNU extensions in Makefiles
Result: NOTE
GNU make is a SystemRequirements.
Flavors: r-devel-linux-x86_64-debian-clang, r-devel-linux-x86_64-debian-gcc, r-devel-linux-x86_64-fedora-clang, r-devel-linux-x86_64-fedora-gcc, r-patched-linux-x86_64, r-release-linux-x86_64, r-release-macos-arm64, r-release-macos-x86_64, r-oldrel-macos-arm64, r-oldrel-macos-x86_64, r-oldrel-windows-x86_64
Version: 1.98-1.14
Check: whether package can be installed
Result: ERROR
Installation failed.
Flavors: r-devel-windows-x86_64, r-release-windows-x86_64
Version: 1.98-1.14
Check: installed package size
Result: NOTE
installed size is 10.3Mb
sub-directories of 1Mb or more:
libs 8.3Mb
Flavor: r-oldrel-windows-x86_64