Last updated on 2024-06-30 00:59:24 CEST.
Flavor | Version | Tinstall | Tcheck | Ttotal | Status | Flags |
---|---|---|---|---|---|---|
r-devel-linux-x86_64-debian-clang | 3.2.4 | 128.03 | 61.57 | 189.60 | NOTE | |
r-devel-linux-x86_64-debian-gcc | 3.2.4 | 87.32 | 46.62 | 133.94 | NOTE | |
r-devel-linux-x86_64-fedora-clang | 3.2.4 | 281.75 | NOTE | |||
r-devel-linux-x86_64-fedora-gcc | 3.2.4 | 293.58 | NOTE | |||
r-devel-windows-x86_64 | 3.2.4 | 102.00 | 93.00 | 195.00 | NOTE | |
r-patched-linux-x86_64 | 3.2.4 | 105.96 | 59.13 | 165.09 | NOTE | |
r-release-linux-x86_64 | 3.2.4 | 104.40 | 60.24 | 164.64 | NOTE | |
r-release-macos-arm64 | 3.2.4 | 66.00 | NOTE | |||
r-release-macos-x86_64 | 3.2.4 | 85.00 | NOTE | |||
r-release-windows-x86_64 | 3.2.4 | 99.00 | 90.00 | 189.00 | NOTE | |
r-oldrel-macos-arm64 | 3.2.4 | 74.00 | NOTE | |||
r-oldrel-macos-x86_64 | 3.2.4 | 110.00 | NOTE | |||
r-oldrel-windows-x86_64 | 3.2.4 | 119.00 | 104.00 | 223.00 | NOTE |
Version: 3.2.4
Check: C++ specification
Result: NOTE
Specified C++11: please drop specification unless essential
Flavors: r-devel-linux-x86_64-debian-clang, r-devel-linux-x86_64-debian-gcc, r-devel-linux-x86_64-fedora-clang, r-devel-linux-x86_64-fedora-gcc, r-devel-windows-x86_64, r-patched-linux-x86_64, r-release-linux-x86_64, r-release-macos-arm64, r-release-macos-x86_64, r-release-windows-x86_64, r-oldrel-macos-arm64, r-oldrel-macos-x86_64, r-oldrel-windows-x86_64