Last updated on 2024-06-30 00:59:24 CEST.
Flavor | Version | Tinstall | Tcheck | Ttotal | Status | Flags |
---|---|---|---|---|---|---|
r-devel-linux-x86_64-debian-clang | 1.7.0 | 37.51 | 42.62 | 80.13 | NOTE | |
r-devel-linux-x86_64-debian-gcc | 1.7.0 | 29.23 | 32.17 | 61.40 | NOTE | |
r-devel-linux-x86_64-fedora-clang | 1.7.0 | 99.91 | NOTE | |||
r-devel-linux-x86_64-fedora-gcc | 1.7.0 | 116.96 | NOTE | |||
r-devel-windows-x86_64 | 1.7.0 | 32.00 | 78.00 | 110.00 | NOTE | |
r-patched-linux-x86_64 | 1.7.0 | 35.70 | 41.32 | 77.02 | OK | |
r-release-linux-x86_64 | 1.7.0 | 34.93 | 40.28 | 75.21 | OK | |
r-release-macos-arm64 | 1.7.0 | 50.00 | OK | |||
r-release-macos-x86_64 | 1.7.0 | 123.00 | OK | |||
r-release-windows-x86_64 | 1.7.0 | 30.00 | 78.00 | 108.00 | OK | |
r-oldrel-macos-arm64 | 1.7.0 | 55.00 | OK | |||
r-oldrel-macos-x86_64 | 1.7.0 | 91.00 | OK | |||
r-oldrel-windows-x86_64 | 1.7.0 | 34.00 | 83.00 | 117.00 | OK |
Version: 1.7.0
Check: compiled code
Result: NOTE
File ‘RNifti/libs/RNifti.so’:
Found non-API call to R: ‘SET_TYPEOF’
Compiled code should not call non-API entry points in R.
See ‘Writing portable packages’ in the ‘Writing R Extensions’ manual.
See section ‘Moving into C API compliance’ in the ‘Writing R
Extensions’ manual for issues with use of non-API entry points.
Flavors: r-devel-linux-x86_64-debian-clang, r-devel-linux-x86_64-debian-gcc, r-devel-linux-x86_64-fedora-clang, r-devel-linux-x86_64-fedora-gcc
Version: 1.7.0
Check: compiled code
Result: NOTE
File 'RNifti/libs/x64/RNifti.dll':
Found non-API call to R: 'SET_TYPEOF'
Compiled code should not call non-API entry points in R.
See 'Writing portable packages' in the 'Writing R Extensions' manual.
See section 'Moving into C API compliance' in the 'Writing R
Extensions' manual for issues with use of non-API entry points.
Flavor: r-devel-windows-x86_64