Last updated on 2024-06-30 00:59:24 CEST.
Flavor | Version | Tinstall | Tcheck | Ttotal | Status | Flags |
---|---|---|---|---|---|---|
r-devel-linux-x86_64-debian-clang | 1.3-23 | 8.31 | 43.83 | 52.14 | OK | |
r-devel-linux-x86_64-debian-gcc | 1.3-23 | 5.68 | 33.04 | 38.72 | OK | |
r-devel-linux-x86_64-fedora-clang | 1.3-23 | 67.48 | OK | |||
r-devel-linux-x86_64-fedora-gcc | 1.3-23 | 74.78 | OK | |||
r-devel-windows-x86_64 | 1.3-23 | 17.00 | 66.00 | 83.00 | WARN | |
r-patched-linux-x86_64 | 1.3-23 | 6.36 | 40.31 | 46.67 | OK | |
r-release-linux-x86_64 | 1.3-23 | 6.37 | 41.85 | 48.22 | OK | |
r-release-macos-arm64 | 1.3-23 | 33.00 | OK | |||
r-release-macos-x86_64 | 1.3-23 | 52.00 | OK | |||
r-release-windows-x86_64 | 1.3-23 | 16.00 | 67.00 | 83.00 | WARN | |
r-oldrel-macos-arm64 | 1.3-23 | 62.00 | OK | |||
r-oldrel-macos-x86_64 | 1.3-23 | 140.00 | OK | |||
r-oldrel-windows-x86_64 | 1.3-23 | 20.00 | 69.00 | 89.00 | OK |
Version: 1.3-23
Check: whether package can be installed
Result: WARN
Found the following significant warnings:
RODBC.c:294:31: warning: format '%d' expects argument of type 'int', but argument 3 has type 'SQLINTEGER' {aka 'long int'} [-Wformat=]
RODBC.c:1078:59: warning: format '%lu' expects argument of type 'long unsigned int', but argument 4 has type 'SQLULEN' {aka 'long long unsigned int'} [-Wformat=]
See 'd:/Rcompile/CRANpkg/local/4.5/RODBC.Rcheck/00install.out' for details.
* used C compiler: 'gcc.exe (GCC) 13.2.0'
Flavor: r-devel-windows-x86_64
Version: 1.3-23
Check: whether package can be installed
Result: WARN
Found the following significant warnings:
RODBC.c:294:31: warning: format '%d' expects argument of type 'int', but argument 3 has type 'SQLINTEGER' {aka 'long int'} [-Wformat=]
RODBC.c:1078:59: warning: format '%lu' expects argument of type 'long unsigned int', but argument 4 has type 'SQLULEN' {aka 'long long unsigned int'} [-Wformat=]
See 'd:/Rcompile/CRANpkg/local/4.4/RODBC.Rcheck/00install.out' for details.
* used C compiler: 'gcc.exe (GCC) 13.2.0'
Flavor: r-release-windows-x86_64