Last updated on 2024-06-30 00:59:25 CEST.
Flavor | Version | Tinstall | Tcheck | Ttotal | Status | Flags |
---|---|---|---|---|---|---|
r-devel-linux-x86_64-debian-clang | 3.2.1 | 27.21 | 308.50 | 335.71 | OK | |
r-devel-linux-x86_64-debian-gcc | 3.2.1 | 21.88 | 223.40 | 245.28 | OK | |
r-devel-linux-x86_64-fedora-clang | 3.2.1 | 436.57 | NOTE | |||
r-devel-linux-x86_64-fedora-gcc | 3.2.1 | 437.82 | OK | |||
r-devel-windows-x86_64 | 3.2.1 | 26.00 | 242.00 | 268.00 | NOTE | |
r-patched-linux-x86_64 | 3.2.1 | 18.23 | 292.13 | 310.36 | OK | |
r-release-linux-x86_64 | 3.2.1 | 17.30 | 294.66 | 311.96 | OK | |
r-release-macos-arm64 | 3.2.1 | 120.00 | NOTE | |||
r-release-macos-x86_64 | 3.2.1 | 164.00 | NOTE | |||
r-release-windows-x86_64 | 3.2.1 | 26.00 | 239.00 | 265.00 | NOTE | |
r-oldrel-macos-arm64 | 3.2.1 | 103.00 | NOTE | |||
r-oldrel-macos-x86_64 | 3.2.1 | 213.00 | NOTE | |||
r-oldrel-windows-x86_64 | 3.2.1 | 32.00 | 309.00 | 341.00 | NOTE |
Version: 3.2.1
Check: package dependencies
Result: NOTE
Imports includes 31 non-default packages.
Importing from so many packages makes the package vulnerable to any of
them becoming unavailable. Move as many as possible to Suggests and
use conditionally.
Flavor: r-devel-linux-x86_64-fedora-clang
Version: 3.2.1
Check: installed package size
Result: NOTE
installed size is 5.2Mb
sub-directories of 1Mb or more:
doc 4.2Mb
Flavors: r-devel-linux-x86_64-fedora-clang, r-devel-windows-x86_64, r-release-macos-arm64, r-release-macos-x86_64, r-release-windows-x86_64, r-oldrel-macos-arm64, r-oldrel-macos-x86_64, r-oldrel-windows-x86_64