Last updated on 2024-06-30 00:59:25 CEST.
Flavor | Version | Tinstall | Tcheck | Ttotal | Status | Flags |
---|---|---|---|---|---|---|
r-devel-linux-x86_64-debian-clang | 0.4 | 37.02 | 303.63 | 340.65 | OK | |
r-devel-linux-x86_64-debian-gcc | 0.4 | 29.59 | 220.88 | 250.47 | OK | |
r-devel-linux-x86_64-fedora-clang | 0.4 | 436.30 | NOTE | |||
r-devel-linux-x86_64-fedora-gcc | 0.4 | 417.49 | OK | |||
r-devel-windows-x86_64 | 0.4 | 32.00 | 200.00 | 232.00 | OK | |
r-patched-linux-x86_64 | 0.4 | 26.11 | 288.02 | 314.13 | OK | |
r-release-linux-x86_64 | 0.4 | 27.11 | 286.83 | 313.94 | OK | |
r-release-macos-arm64 | 0.4 | 113.00 | OK | |||
r-release-macos-x86_64 | 0.4 | 160.00 | OK | |||
r-release-windows-x86_64 | 0.4 | 32.00 | 200.00 | 232.00 | OK | |
r-oldrel-macos-arm64 | 0.4 | 117.00 | OK | |||
r-oldrel-macos-x86_64 | 0.4 | 153.00 | OK | |||
r-oldrel-windows-x86_64 | 0.4 | 41.00 | 254.00 | 295.00 | OK |
Version: 0.4
Check: package dependencies
Result: NOTE
Imports includes 28 non-default packages.
Importing from so many packages makes the package vulnerable to any of
them becoming unavailable. Move as many as possible to Suggests and
use conditionally.
Flavor: r-devel-linux-x86_64-fedora-clang