Last updated on 2024-06-16 11:58:06 CEST.
Flavor | Version | Tinstall | Tcheck | Ttotal | Status | Flags |
---|---|---|---|---|---|---|
r-devel-linux-x86_64-debian-clang | 1.4.7 | 372.11 | 318.33 | 690.44 | OK | |
r-devel-linux-x86_64-debian-gcc | 1.4.7 | 260.97 | 220.27 | 481.24 | OK | |
r-devel-linux-x86_64-fedora-clang | 1.4.7 | 1415.56 | OK | |||
r-devel-linux-x86_64-fedora-gcc | 1.4.7 | 931.98 | OK | |||
r-devel-windows-x86_64 | 1.4.7 | 372.00 | 251.00 | 623.00 | OK | |
r-patched-linux-x86_64 | 1.4.7 | 316.42 | 298.36 | 614.78 | OK | |
r-release-linux-x86_64 | 1.4.7 | 313.92 | 303.73 | 617.65 | OK | |
r-release-macos-arm64 | 1.4.7 | 194.00 | NOTE | |||
r-release-macos-x86_64 | 1.4.7 | 246.00 | NOTE | |||
r-release-windows-x86_64 | 1.4.7 | 379.00 | 255.00 | 634.00 | OK | |
r-oldrel-macos-arm64 | 1.4.7 | 215.00 | NOTE | |||
r-oldrel-macos-x86_64 | 1.4.7 | 331.00 | NOTE | |||
r-oldrel-windows-x86_64 | 1.4.7 | 382.00 | 302.00 | 684.00 | OK |
Version: 1.4.7
Check: installed package size
Result: NOTE
installed size is 26.4Mb
sub-directories of 1Mb or more:
R 1.1Mb
libs 24.9Mb
Flavors: r-release-macos-arm64, r-release-macos-x86_64, r-oldrel-macos-arm64, r-oldrel-macos-x86_64