Last updated on 2025-04-29 12:52:49 CEST.
Flavor | Version | Tinstall | Tcheck | Ttotal | Status | Flags |
---|---|---|---|---|---|---|
r-devel-linux-x86_64-debian-clang | 0.16-2 | 143.91 | 62.46 | 206.37 | OK | |
r-devel-linux-x86_64-debian-gcc | 0.16-2 | 136.11 | 57.02 | 193.13 | OK | |
r-devel-linux-x86_64-fedora-clang | 0.16-2 | 330.94 | OK | |||
r-devel-linux-x86_64-fedora-gcc | 0.16-2 | 457.64 | OK | |||
r-devel-windows-x86_64 | 0.16-2 | 156.00 | 105.00 | 261.00 | OK | |
r-patched-linux-x86_64 | 0.16-2 | 186.29 | 72.41 | 258.70 | OK | |
r-release-linux-x86_64 | 0.16-2 | 180.11 | 71.43 | 251.54 | OK | |
r-release-macos-arm64 | 0.16-2 | 117.00 | OK | |||
r-release-macos-x86_64 | 0.16-2 | 146.00 | OK | |||
r-release-windows-x86_64 | 0.16-2 | 153.00 | 124.00 | 277.00 | OK | |
r-oldrel-macos-arm64 | 0.16-2 | 104.00 | NOTE | |||
r-oldrel-macos-x86_64 | 0.16-2 | 213.00 | NOTE | |||
r-oldrel-windows-x86_64 | 0.16-2 | 175.00 | 129.00 | 304.00 | OK |
Version: 0.16-2
Check: installed package size
Result: NOTE
installed size is 46.6Mb
sub-directories of 1Mb or more:
libs 46.0Mb
Flavors: r-oldrel-macos-arm64, r-oldrel-macos-x86_64