Last updated on 2024-06-16 11:58:06 CEST.
Flavor | Version | Tinstall | Tcheck | Ttotal | Status | Flags |
---|---|---|---|---|---|---|
r-devel-linux-x86_64-debian-clang | 2.1.0 | 23.05 | 224.74 | 247.79 | OK | |
r-devel-linux-x86_64-debian-gcc | 2.1.0 | 17.72 | 168.43 | 186.15 | OK | |
r-devel-linux-x86_64-fedora-clang | 2.1.0 | 316.67 | OK | |||
r-devel-linux-x86_64-fedora-gcc | 2.1.0 | 231.21 | OK | |||
r-devel-windows-x86_64 | 2.1.0 | 20.00 | 163.00 | 183.00 | OK | |
r-patched-linux-x86_64 | 2.1.0 | 21.06 | 219.41 | 240.47 | OK | |
r-release-linux-x86_64 | 2.1.0 | 23.26 | 213.66 | 236.92 | OK | |
r-release-macos-arm64 | 2.1.0 | 87.00 | OK | |||
r-release-macos-x86_64 | 2.1.0 | 147.00 | OK | |||
r-release-windows-x86_64 | 2.1.0 | 22.00 | 161.00 | 183.00 | OK | |
r-oldrel-macos-arm64 | 2.1.0 | 86.00 | NOTE | |||
r-oldrel-macos-x86_64 | 2.1.0 | 132.00 | NOTE | |||
r-oldrel-windows-x86_64 | 2.1.0 | 27.00 | 213.00 | 240.00 | OK |
Version: 2.1.0
Check: package dependencies
Result: NOTE
Package suggested but not available for checking: ‘Gviz’
Flavors: r-oldrel-macos-arm64, r-oldrel-macos-x86_64