Last updated on 2024-06-30 00:59:23 CEST.
Flavor | Version | Tinstall | Tcheck | Ttotal | Status | Flags |
---|---|---|---|---|---|---|
r-devel-linux-x86_64-debian-clang | 0.98.0 | 71.86 | 72.25 | 144.11 | OK | |
r-devel-linux-x86_64-debian-gcc | 0.98.0 | 51.82 | 58.26 | 110.08 | OK | |
r-devel-linux-x86_64-fedora-clang | 0.98.0 | 205.87 | OK | |||
r-devel-linux-x86_64-fedora-gcc | 0.98.0 | 225.22 | OK | |||
r-devel-windows-x86_64 | 0.98.0 | 60.00 | 147.00 | 207.00 | OK | |
r-patched-linux-x86_64 | 0.98.0 | 71.11 | 73.82 | 144.93 | OK | |
r-release-linux-x86_64 | 0.98.0 | 61.35 | 71.92 | 133.27 | OK | |
r-release-macos-arm64 | 0.98.0 | 57.00 | NOTE | |||
r-release-macos-x86_64 | 0.98.0 | 98.00 | NOTE | |||
r-release-windows-x86_64 | 0.98.0 | 58.00 | 137.00 | 195.00 | OK | |
r-oldrel-macos-arm64 | 0.98.0 | 77.00 | NOTE | |||
r-oldrel-macos-x86_64 | 0.98.0 | 173.00 | NOTE | |||
r-oldrel-windows-x86_64 | 0.98.0 | 72.00 | 147.00 | 219.00 | OK |
Version: 0.98.0
Check: installed package size
Result: NOTE
installed size is 5.2Mb
sub-directories of 1Mb or more:
libs 4.5Mb
Flavors: r-release-macos-arm64, r-release-macos-x86_64, r-oldrel-macos-arm64, r-oldrel-macos-x86_64