Last updated on 2024-06-30 00:59:23 CEST.
Flavor | Version | Tinstall | Tcheck | Ttotal | Status | Flags |
---|---|---|---|---|---|---|
r-devel-linux-x86_64-debian-clang | 0.0.100 | 1.86 | 22.83 | 24.69 | OK | |
r-devel-linux-x86_64-debian-gcc | 0.0.100 | 1.77 | 17.58 | 19.35 | OK | |
r-devel-linux-x86_64-fedora-clang | 0.0.100 | 31.85 | NOTE | |||
r-devel-linux-x86_64-fedora-gcc | 0.0.100 | 29.65 | NOTE | |||
r-devel-windows-x86_64 | 0.0.100 | 3.00 | 39.00 | 42.00 | OK | |
r-patched-linux-x86_64 | 0.0.100 | 2.21 | 22.00 | 24.21 | OK | |
r-release-linux-x86_64 | 0.0.100 | 2.20 | 22.11 | 24.31 | OK | |
r-release-macos-arm64 | 0.0.100 | 14.00 | OK | |||
r-release-macos-x86_64 | 0.0.100 | 22.00 | OK | |||
r-release-windows-x86_64 | 0.0.100 | 3.00 | 38.00 | 41.00 | OK | |
r-oldrel-macos-arm64 | 0.0.100 | 20.00 | OK | |||
r-oldrel-macos-x86_64 | 0.0.100 | 27.00 | OK | |||
r-oldrel-windows-x86_64 | 0.0.100 | 6.00 | 37.00 | 43.00 | OK |
Version: 0.0.100
Check: data for non-ASCII characters
Result: NOTE
Note: found 20 marked UTF-8 strings
Flavors: r-devel-linux-x86_64-fedora-clang, r-devel-linux-x86_64-fedora-gcc