Last updated on 2024-06-30 00:59:23 CEST.
Flavor | Version | Tinstall | Tcheck | Ttotal | Status | Flags |
---|---|---|---|---|---|---|
r-devel-linux-x86_64-debian-clang | 1.3.82 | 6.34 | 110.42 | 116.76 | OK | |
r-devel-linux-x86_64-debian-gcc | 1.3.82 | 6.42 | 97.84 | 104.26 | OK | |
r-devel-linux-x86_64-fedora-clang | 1.3.82 | 159.90 | NOTE | |||
r-devel-linux-x86_64-fedora-gcc | 1.3.82 | 146.17 | NOTE | |||
r-devel-windows-x86_64 | 1.3.82 | 9.00 | 117.00 | 126.00 | OK | |
r-patched-linux-x86_64 | 1.3.82 | 8.76 | 114.40 | 123.16 | OK | |
r-release-linux-x86_64 | 1.3.82 | 8.32 | 118.76 | 127.08 | OK | |
r-release-macos-arm64 | 1.3.82 | 41.00 | OK | |||
r-release-macos-x86_64 | 1.3.82 | 67.00 | OK | |||
r-release-windows-x86_64 | 1.3.82 | 9.00 | 110.00 | 119.00 | OK | |
r-oldrel-macos-arm64 | 1.3.82 | 45.00 | OK | |||
r-oldrel-macos-x86_64 | 1.3.82 | 71.00 | OK | |||
r-oldrel-windows-x86_64 | 1.3.82 | 11.00 | 126.00 | 137.00 | OK |
Version: 1.3.82
Check: data for non-ASCII characters
Result: NOTE
Note: found 26334 marked UTF-8 strings
Flavors: r-devel-linux-x86_64-fedora-clang, r-devel-linux-x86_64-fedora-gcc