Last updated on 2024-06-30 00:59:23 CEST.
Flavor | Version | Tinstall | Tcheck | Ttotal | Status | Flags |
---|---|---|---|---|---|---|
r-devel-linux-x86_64-debian-clang | 0.12-5 | 48.38 | 250.61 | 298.99 | OK | |
r-devel-linux-x86_64-debian-gcc | 0.12-5 | 34.01 | 183.50 | 217.51 | OK | |
r-devel-linux-x86_64-fedora-clang | 0.12-5 | 370.63 | NOTE | |||
r-devel-linux-x86_64-fedora-gcc | 0.12-5 | 358.01 | OK | |||
r-devel-windows-x86_64 | 0.12-5 | 39.00 | 234.00 | 273.00 | OK | |
r-patched-linux-x86_64 | 0.12-5 | 49.62 | 234.85 | 284.47 | OK | |
r-release-linux-x86_64 | 0.12-5 | 42.82 | 245.97 | 288.79 | OK | |
r-release-macos-arm64 | 0.12-5 | 109.00 | OK | |||
r-release-macos-x86_64 | 0.12-5 | 143.00 | OK | |||
r-release-windows-x86_64 | 0.12-5 | 41.00 | 224.00 | 265.00 | OK | |
r-oldrel-macos-arm64 | 0.12-5 | 70.00 | OK | |||
r-oldrel-macos-x86_64 | 0.12-5 | 133.00 | OK | |||
r-oldrel-windows-x86_64 | 0.12-5 | 37.00 | 212.00 | 249.00 | OK |
Version: 0.12-5
Check: Rd cross-references
Result: NOTE
Undeclared packages ‘BsMD’, ‘rsm’, ‘AlgDesign’, ‘lhs’ in Rd xrefs
Flavor: r-devel-linux-x86_64-fedora-clang