Last updated on 2024-06-16 11:58:04 CEST.
Flavor | Version | Tinstall | Tcheck | Ttotal | Status | Flags |
---|---|---|---|---|---|---|
r-devel-linux-x86_64-debian-clang | 0.6.4 | 77.82 | 75.15 | 152.97 | NOTE | |
r-devel-linux-x86_64-debian-gcc | 0.6.4 | 53.54 | 52.22 | 105.76 | NOTE | |
r-devel-linux-x86_64-fedora-clang | 0.6.4 | 197.01 | NOTE | |||
r-devel-linux-x86_64-fedora-gcc | 0.6.4 | 238.23 | NOTE | |||
r-devel-windows-x86_64 | 0.6.4 | 135.00 | 128.00 | 263.00 | NOTE | |
r-patched-linux-x86_64 | 0.6.4 | 67.86 | 69.95 | 137.81 | NOTE | |
r-release-linux-x86_64 | 0.6.4 | 67.13 | 68.55 | 135.68 | NOTE | |
r-release-macos-arm64 | 0.6.4 | 56.00 | NOTE | |||
r-release-macos-x86_64 | 0.6.4 | 77.00 | NOTE | |||
r-release-windows-x86_64 | 0.6.4 | 135.00 | 143.00 | 278.00 | NOTE | |
r-oldrel-macos-arm64 | 0.6.4 | 60.00 | NOTE | |||
r-oldrel-macos-x86_64 | 0.6.4 | 117.00 | NOTE | |||
r-oldrel-windows-x86_64 | 0.6.4 | 141.00 | 135.00 | 276.00 | NOTE |
Version: 0.6.4
Check: for GNU extensions in Makefiles
Result: NOTE
GNU make is a SystemRequirements.
Flavors: r-devel-linux-x86_64-debian-clang, r-devel-linux-x86_64-debian-gcc, r-devel-linux-x86_64-fedora-clang, r-devel-linux-x86_64-fedora-gcc, r-devel-windows-x86_64, r-patched-linux-x86_64, r-release-linux-x86_64, r-release-macos-arm64, r-release-macos-x86_64, r-release-windows-x86_64, r-oldrel-macos-arm64, r-oldrel-macos-x86_64, r-oldrel-windows-x86_64
Version: 0.6.4
Check: installed package size
Result: NOTE
installed size is 5.1Mb
sub-directories of 1Mb or more:
libs 3.8Mb
Flavors: r-devel-windows-x86_64, r-release-macos-arm64, r-release-macos-x86_64, r-release-windows-x86_64, r-oldrel-macos-arm64, r-oldrel-macos-x86_64, r-oldrel-windows-x86_64