Last updated on 2025-05-29 04:50:29 CEST.
Flavor | Version | Tinstall | Tcheck | Ttotal | Status | Flags |
---|---|---|---|---|---|---|
r-devel-linux-x86_64-debian-clang | 0.1.3 | 23.49 | 23.33 | 46.82 | NOTE | |
r-devel-linux-x86_64-debian-gcc | 0.1.3 | 17.11 | 18.74 | 35.85 | NOTE | |
r-devel-linux-x86_64-fedora-clang | 0.1.3 | 93.18 | OK | |||
r-devel-linux-x86_64-fedora-gcc | 0.1.3 | 78.72 | OK | |||
r-devel-windows-x86_64 | 0.1.3 | 34.00 | 78.00 | 112.00 | OK | |
r-patched-linux-x86_64 | 0.1.3 | 25.94 | 22.48 | 48.42 | OK | |
r-release-linux-x86_64 | 0.1.3 | 21.85 | 22.40 | 44.25 | OK | |
r-release-macos-arm64 | 0.1.3 | 31.00 | OK | |||
r-release-macos-x86_64 | 0.1.3 | 46.00 | OK | |||
r-release-windows-x86_64 | 0.1.3 | 33.00 | 89.00 | 122.00 | OK | |
r-oldrel-macos-arm64 | 0.1.3 | 30.00 | OK | |||
r-oldrel-macos-x86_64 | 0.1.3 | 37.00 | OK | |||
r-oldrel-windows-x86_64 | 0.1.3 | 38.00 | 86.00 | 124.00 | OK |
Version: 0.1.3
Check: CRAN incoming feasibility
Result: NOTE
Maintainer: ‘Dirk Eddelbuettel <edd@debian.org>’
No Authors@R field in DESCRIPTION.
Please add one, modifying
Authors@R: c(person(given = "Dirk",
family = "Eddelbuettel",
role = c("aut", "cre"),
email = "edd@debian.org"),
person(given = "Romain",
family = "Francois",
role = "aut"),
person(given = c("based", "on", "code", "written", "during"),
family = "2005",
role = "aut"),
person(given = c("2006", "by", "Dominick"),
family = "Samperi",
role = "aut"))
as necessary.
Flavors: r-devel-linux-x86_64-debian-clang, r-devel-linux-x86_64-debian-gcc