Last updated on 2024-06-30 00:59:23 CEST.
Flavor | Version | Tinstall | Tcheck | Ttotal | Status | Flags |
---|---|---|---|---|---|---|
r-devel-linux-x86_64-debian-clang | 0.1.9 | 66.30 | 28.49 | 94.79 | NOTE | |
r-devel-linux-x86_64-debian-gcc | 0.1.9 | 44.27 | 21.74 | 66.01 | NOTE | |
r-devel-linux-x86_64-fedora-clang | 0.1.9 | 147.92 | NOTE | |||
r-devel-linux-x86_64-fedora-gcc | 0.1.9 | 138.87 | NOTE | |||
r-devel-windows-x86_64 | 0.1.9 | 58.00 | 71.00 | 129.00 | OK | |
r-patched-linux-x86_64 | 0.1.9 | 57.06 | 26.99 | 84.05 | NOTE | |
r-release-linux-x86_64 | 0.1.9 | 53.53 | 27.27 | 80.80 | NOTE | |
r-release-macos-arm64 | 0.1.9 | 33.00 | NOTE | |||
r-release-macos-x86_64 | 0.1.9 | 43.00 | NOTE | |||
r-release-windows-x86_64 | 0.1.9 | 57.00 | 71.00 | 128.00 | OK | |
r-oldrel-macos-arm64 | 0.1.9 | 34.00 | NOTE | |||
r-oldrel-macos-x86_64 | 0.1.9 | 54.00 | NOTE | |||
r-oldrel-windows-x86_64 | 0.1.9 | 56.00 | 87.00 | 143.00 | OK |
Version: 0.1.9
Check: C++ specification
Result: NOTE
Specified C++11: please drop specification unless essential
Flavors: r-devel-linux-x86_64-debian-clang, r-devel-linux-x86_64-debian-gcc, r-devel-linux-x86_64-fedora-clang, r-devel-linux-x86_64-fedora-gcc, r-patched-linux-x86_64, r-release-linux-x86_64, r-release-macos-arm64, r-release-macos-x86_64, r-oldrel-macos-arm64, r-oldrel-macos-x86_64