Last updated on 2024-06-30 00:59:23 CEST.
Flavor | Version | Tinstall | Tcheck | Ttotal | Status | Flags |
---|---|---|---|---|---|---|
r-devel-linux-x86_64-debian-clang | 5.1.7 | 56.29 | 84.73 | 141.02 | NOTE | |
r-devel-linux-x86_64-debian-gcc | 5.1.7 | 34.69 | 55.02 | 89.71 | NOTE | |
r-devel-linux-x86_64-fedora-clang | 5.1.7 | 224.09 | NOTE | |||
r-devel-linux-x86_64-fedora-gcc | 5.1.7 | 198.24 | NOTE | |||
r-devel-windows-x86_64 | 5.1.7 | 143.00 | 105.00 | 248.00 | NOTE | |
r-patched-linux-x86_64 | 5.1.7 | 45.88 | 72.07 | 117.95 | NOTE | |
r-release-linux-x86_64 | 5.1.7 | 47.39 | 74.26 | 121.65 | NOTE | |
r-release-macos-arm64 | 5.1.7 | 49.00 | NOTE | |||
r-release-macos-x86_64 | 5.1.7 | 73.00 | NOTE | |||
r-release-windows-x86_64 | 5.1.7 | 148.00 | 103.00 | 251.00 | NOTE | |
r-oldrel-macos-arm64 | 5.1.7 | 56.00 | NOTE | |||
r-oldrel-macos-x86_64 | 5.1.7 | 62.00 | NOTE | |||
r-oldrel-windows-x86_64 | 5.1.7 | 145.00 | 115.00 | 260.00 | NOTE |
Version: 5.1.7
Check: for GNU extensions in Makefiles
Result: NOTE
GNU make is a SystemRequirements.
Flavors: r-devel-linux-x86_64-debian-clang, r-devel-linux-x86_64-debian-gcc, r-devel-linux-x86_64-fedora-clang, r-devel-linux-x86_64-fedora-gcc, r-devel-windows-x86_64, r-patched-linux-x86_64, r-release-linux-x86_64, r-release-macos-arm64, r-release-macos-x86_64, r-release-windows-x86_64, r-oldrel-macos-arm64, r-oldrel-macos-x86_64, r-oldrel-windows-x86_64