Last updated on 2024-06-30 00:59:23 CEST.
Flavor | Version | Tinstall | Tcheck | Ttotal | Status | Flags |
---|---|---|---|---|---|---|
r-devel-linux-x86_64-debian-clang | 0.1.2 | 222.51 | 30.92 | 253.43 | OK | |
r-devel-linux-x86_64-debian-gcc | 0.1.2 | 149.85 | 23.79 | 173.64 | OK | |
r-devel-linux-x86_64-fedora-clang | 0.1.2 | 418.91 | OK | |||
r-devel-linux-x86_64-fedora-gcc | 0.1.2 | 382.34 | OK | |||
r-devel-windows-x86_64 | 0.1.2 | 208.00 | 88.00 | 296.00 | OK | |
r-patched-linux-x86_64 | 0.1.2 | 190.37 | 29.26 | 219.63 | OK | |
r-release-linux-x86_64 | 0.1.2 | 190.36 | 29.74 | 220.10 | OK | |
r-release-macos-arm64 | 0.1.2 | 62.00 | NOTE | |||
r-release-macos-x86_64 | 0.1.2 | 70.00 | NOTE | |||
r-release-windows-x86_64 | 0.1.2 | 203.00 | 85.00 | 288.00 | OK | |
r-oldrel-macos-arm64 | 0.1.2 | 75.00 | NOTE | |||
r-oldrel-macos-x86_64 | 0.1.2 | 77.00 | NOTE | |||
r-oldrel-windows-x86_64 | 0.1.2 | 189.00 | 102.00 | 291.00 | OK |
Version: 0.1.2
Check: installed package size
Result: NOTE
installed size is 8.4Mb
sub-directories of 1Mb or more:
libs 8.3Mb
Flavors: r-release-macos-arm64, r-release-macos-x86_64, r-oldrel-macos-arm64, r-oldrel-macos-x86_64