Last updated on 2024-06-30 00:59:23 CEST.
Flavor | Version | Tinstall | Tcheck | Ttotal | Status | Flags |
---|---|---|---|---|---|---|
r-devel-linux-x86_64-debian-clang | 0.3.2 | 17.82 | 131.28 | 149.10 | OK | |
r-devel-linux-x86_64-debian-gcc | 0.3.2 | 11.38 | 0.48 | 11.86 | FAIL | |
r-devel-linux-x86_64-fedora-clang | 0.3.2 | 193.93 | OK | |||
r-devel-linux-x86_64-fedora-gcc | 0.3.2 | 211.10 | OK | |||
r-devel-windows-x86_64 | 0.3.2 | 14.00 | 122.00 | 136.00 | OK | |
r-patched-linux-x86_64 | 0.3.2 | 17.00 | 134.41 | 151.41 | OK | |
r-release-linux-x86_64 | 0.3.2 | 15.72 | 134.76 | 150.48 | OK | |
r-release-macos-arm64 | 0.3.2 | 63.00 | OK | |||
r-release-macos-x86_64 | 0.3.2 | 98.00 | OK | |||
r-release-windows-x86_64 | 0.3.2 | 15.00 | 119.00 | 134.00 | OK | |
r-oldrel-macos-arm64 | 0.3.2 | 77.00 | OK | |||
r-oldrel-macos-x86_64 | 0.3.2 | 231.00 | OK | |||
r-oldrel-windows-x86_64 | 0.3.2 | 15.00 | 145.00 | 160.00 | OK |
Version: 0.3.2
Check: package dependencies
Result: FAIL
Flavor: r-devel-linux-x86_64-debian-gcc