Last updated on 2024-06-16 11:58:05 CEST.
Flavor | Version | Tinstall | Tcheck | Ttotal | Status | Flags |
---|---|---|---|---|---|---|
r-devel-linux-x86_64-debian-clang | 0.1.5 | 14.31 | 130.01 | 144.32 | OK | |
r-devel-linux-x86_64-debian-gcc | 0.1.5 | 9.54 | 96.52 | 106.06 | OK | |
r-devel-linux-x86_64-fedora-clang | 0.1.5 | 180.18 | OK | |||
r-devel-linux-x86_64-fedora-gcc | 0.1.5 | 175.39 | OK | |||
r-devel-windows-x86_64 | 0.1.5 | 11.00 | 127.00 | 138.00 | OK | |
r-patched-linux-x86_64 | 0.1.5 | 12.58 | 124.56 | 137.14 | OK | |
r-release-linux-x86_64 | 0.1.5 | 6.91 | 121.65 | 128.56 | OK | |
r-release-macos-arm64 | 0.1.5 | 62.00 | NOTE | |||
r-release-macos-x86_64 | 0.1.5 | 145.00 | NOTE | |||
r-release-windows-x86_64 | 0.1.5 | 15.00 | 147.00 | 162.00 | OK | |
r-oldrel-macos-arm64 | 0.1.5 | 66.00 | NOTE | |||
r-oldrel-macos-x86_64 | 0.1.5 | 127.00 | NOTE | |||
r-oldrel-windows-x86_64 | 0.1.5 | 14.00 | 159.00 | 173.00 | OK |
Version: 0.1.5
Check: package dependencies
Result: NOTE
Packages suggested but not available for checking: 'PADOG', 'safe'
Flavors: r-release-macos-arm64, r-release-macos-x86_64
Version: 0.1.5
Check: Rd cross-references
Result: NOTE
Packages unavailable to check Rd xrefs: ‘PADOG’, ‘safe’
Flavors: r-release-macos-arm64, r-release-macos-x86_64
Version: 0.1.5
Check: package dependencies
Result: NOTE
Packages suggested but not available for checking: 'PADOG', 'GSVA'
Flavors: r-oldrel-macos-arm64, r-oldrel-macos-x86_64
Version: 0.1.5
Check: Rd cross-references
Result: NOTE
Packages unavailable to check Rd xrefs: ‘GSVA’, ‘PADOG’
Flavors: r-oldrel-macos-arm64, r-oldrel-macos-x86_64